 z - -1895. Is w a prime number?
False
Let b be 102/4*(-5840)/(-120). Let f = 2523 - b. Is f a composite number?
True
Let k = 87 + -89. Is -1082*(-1)/k*-5 a composite number?
True
Suppose 166073 = 82*v - 542325. Is v composite?
True
Suppose -4*d - 11645 = -5*w, 2*w - 3*d - 4641 = 2*d. Is w a composite number?
False
Let z be 1/((-8)/1236)*160/12. Let p = z + 3423. Is p a prime number?
False
Let r = 16 - 19. Let m be 8/(-6)*r + 18. Suppose -17*h - 1265 = -m*h. Is h composite?
True
Suppose 6*z - 4142 - 15184 = 0. Let t = 5448 - z. Is t a prime number?
False
Suppose 0 = -30*l + 113*l - 6192547. Is l composite?
False
Let g be (346458/18)/(-1)*-3. Suppose -g = -5*b + 2*z, -b = -3*z - 2*z - 11544. Is b prime?
True
Let h = -23817 - -46328. Is h a composite number?
False
Let t = -48257 - -73627. Suppose 3*n + 10139 = 2*x, 8*x + 3*n = 13*x - t. Is x composite?
False
Let z be (-65)/3 - (9 + (-145)/15). Is (-6)/z - 55689/(-133) a prime number?
True
Let g be 48/6 + 16/(-2). Suppose 8*u + 45497 - 370369 = g. Is u composite?
False
Let a(w) = 11 - 2 + 41*w - 42*w. Let n be a(9). Suppose -8*o + 207 + 65 = n. Is o a prime number?
False
Let h(c) = -7991*c - 4531. Is h(-28) a prime number?
True
Let j(a) = 150*a**2 + 53*a + 704. Is j(39) composite?
True
Let c(i) = -6*i + 165. Let s be c(29). Is (-3)/(s/16407 + 0) a composite number?
True
Let h be (-2)/(64/20 + 6/(-2)). Is (-2*h/12)/((-1)/(-15)) composite?
True
Let t be -2 - (-19 + -2 + 4). Suppose -3*z = t, 0 = 4*p - z - 14 - 11. Suppose -2053 = -j + 5*y, p*j + 148 = 2*y + 10413. Is j prime?
True
Suppose 222 = 3*t + 2*j - j, 0 = t - 4*j - 61. Let m = t - 68. Suppose 1368 + 4246 = m*l + 3*p, -3*p = -9. Is l composite?
True
Suppose -3*d = 3*k - 52149, 5*k + 10308 + 7039 = d. Is d a composite number?
False
Let s = -3663 + 6583. Let d = 18431 - s. Is d a prime number?
True
Suppose 0 = 4*h + 16, 5*h = -n + 89 + 97. Let w = n - 29. Is w a prime number?
False
Let c(x) = -x**3 + 2*x**2 + 32*x + 50. Let v be c(23). Let g = -6374 - v. Is g composite?
True
Let z(s) = s**3 + 16*s**2 + 14*s - 14. Let h be z(-15). Let x(g) = 48004*g**2 - 6*g + 7. Is x(h) prime?
False
Let t = -160 - -69. Let s = t - -1122. Is s composite?
False
Suppose 0 = -76*t + 4441 + 51039. Let w be (-1 - 1)*(-198)/(-4). Let q = w + t. Is q prime?
True
Let h = 10458 - -28718. Suppose 56*o + h = 234672. Is o prime?
True
Let a(b) = -6*b**2 + 2. Let j be a(-1). Is (64658/(-44))/(2/j) a composite number?
False
Let p = -72 - -74. Suppose -m + 2046 - p = 0. Suppose 6*o = m + 74. Is o a composite number?
False
Let l = -171955 + 453464. Is l prime?
True
Let k = 5399 - 480. Is k prime?
True
Let w(i) = -21*i - 270. Let m be w(-13). Suppose -m*r + 1351 = -13046. Is r composite?
False
Let h = -26359 + 15132. Let b = 21632 + h. Is b a composite number?
True
Let y = -23 + 29. Is 1/(-3) - (-12 - 18224/y) prime?
True
Suppose -20*f = -0*f + 120. Is 4/6 + (-2902)/f*5 a composite number?
True
Let c(p) = -p**3 + 63*p**2 + 27*p + 123. Let z be c(35). Let q = -20849 + z. Is q prime?
True
Suppose 8 = -2*d, -40*d + 270516 = -4*i - 44*d. Is i/(-8) - (-19)/(-152) prime?
False
Let i = -657 + 662. Suppose -c = -i*z + 10*z - 25866, c - 25861 = -4*z. Is c prime?
True
Let t(a) = 41*a**2 - 13*a + 20. Let n be t(10). Suppose 0 = 5*y + h - n, 4*h + 31 = y - 746. Is y composite?
False
Let m(a) = a**3 - 13*a**2 - 18*a + 27. Suppose 2*w - 2*d = d + 170, d = 2. Let t = w + -71. Is m(t) a composite number?
False
Let i(r) = 3550*r - 2523. Is i(32) a composite number?
True
Let s = 127077 + -59778. Is s composite?
True
Suppose 2*d + 3*d - 40 = 0. Let q be (23226/(-35))/(-3 - ((-142)/20 + 4)). Is ((-2)/3)/(7/(q/d)) prime?
True
Let z(r) = 9*r**2 + 6*r - 3. Let j be z(-8). Let g = 1414 - j. Is g a prime number?
False
Suppose -13*a = -3*a - 210. Suppose 0 = a*o + 1895 - 7964. Is o a prime number?
False
Suppose -3*p + 6459 = -4215. Let k = p + -313. Is (-4)/(-24) - k/(-6) a composite number?
False
Let r be ((-20)/6)/((-1014)/(-144) - 7). Let a = -6 - r. Is a prime?
False
Suppose -20617 = -20*j + 32563. Let u = 3753 - j. Is u a prime number?
False
Let z = -241478 + 348616. Is z a prime number?
False
Suppose -3*h = -724 - 152. Let y = 853 - 851. Suppose -y*z = -210 - h. Is z prime?
True
Is 15/2*((-195324)/(-36) - -15) prime?
False
Let j(d) = 5*d**3 + d**2 - 4*d + 1. Let y be j(3). Let r be (-44 - -8)*48/(-32). Let c = y - r. Is c prime?
True
Let y be (8/10)/(27/(-135)) - -452. Let t be 62/6*(-1 + -2). Let o = y - t. Is o composite?
False
Let u(i) = 8395*i**2 - 2. Let h be u(-1). Suppose 2*g - h = -4*n + n, -4*g + n = -16807. Is g composite?
False
Let k = -268 - -272. Let r(p) = 2712*p + 89. Is r(k) a prime number?
True
Suppose -4*c = 5*q + 232, 4*q - 66 = 2*c - 236. Let l = -40 - q. Suppose -l*x + 2127 = -x. Is x prime?
True
Suppose -7*z + 40625 + 58236 = 0. Is z a prime number?
False
Let v = 300 + -291. Suppose v*s - 65589 + 16674 = 0. Is s composite?
True
Let w(z) = 71*z**2 + 9*z + 16. Let m be w(-4). Suppose -826 + 159 = -3*y + 2*i, -5*y - i + m = 0. Is y a composite number?
False
Is (-2149751)/(-9) + 280/36 + -8 a prime number?
False
Suppose 0 = 4*k - 32, -4*x = 3*k + 22163 - 961903. Is x a prime number?
False
Let c be (-32)/20 - 2/5. Let q be (24/(-6))/(c - -3). Is 470 - 1/(q/(-4)) prime?
False
Let b = 20 + -8. Let w be (-8204)/b*6/2*-1. Suppose -z + w = 6*z. Is z a composite number?
False
Let u = 135460 - 89031. Is u composite?
True
Let j(l) = 4*l - 82. Let h be j(23). Suppose 0*k - h*k + 50 = 0. Suppose k*w + 3168 = 3*y, -5*y + w + 3180 = -2*y. Is y prime?
True
Suppose 3*r - 69 = -r - 3*l, 0 = 4*r - 3*l - 51. Suppose 4*h - r = 29. Suppose -h*t = 3*t - 2870. Is t a composite number?
True
Let f = 690 + -312. Let g = f + 313. Is g a prime number?
True
Let t(d) = 15*d**2 - 3*d - 1. Let i be t(8). Let z(f) = 3*f + 85. Let k be z(-27). Suppose -y - k*y = -i. Is y composite?
True
Suppose -31455 = 309*r - 314*r. Suppose -25489 = -29*v - r. Is v a prime number?
False
Let o(t) = -1780*t**3 - 4*t**2 - 5*t + 4. Let g be o(-2). Suppose 3*a = g + 34185. Is a a composite number?
False
Suppose -21*i - 254 + 44 = 0. Is i/20*(-1 + -5869) a prime number?
False
Let c(t) = 5150*t**2 + 64*t - 133. Is c(10) a composite number?
False
Let m = 13962 - -71699. Is m a composite number?
False
Let m(l) = -6940*l + 239. Is m(-6) a composite number?
False
Suppose 28 + 37 = 5*z + 5*n, -50 = -5*z - 2*n. Suppose 4*j - 3*s = 23, -4*j - 25 + z = 5*s. Is j/(-11) - (-269514)/198 a composite number?
False
Suppose -f = -3*c + 13118, -12*f + 9*f = 3*c - 13122. Suppose -2*d + c = 1095. Is d a composite number?
True
Suppose -3*x + 4*f = 1579, -f = -5*x - 5*f - 2685. Let m(s) = -158*s - 20. Let r be m(-5). Let v = x + r. Is v a prime number?
False
Suppose 4*u - 419506 = -2*y, 0 = -33*y + 38*y + 2*u - 1048725. Is y a composite number?
False
Suppose m - 1461 = q - 6126, -5*m = -2*q + 9339. Suppose 0 = 2*b - 3*u - 4654, 10*u - q = -2*b + 11*u. Is b a composite number?
False
Is -52*(-4 - 870/40) composite?
True
Is (-3 - 785277/(-2))*36/54 a composite number?
False
Let j = 4942 + -1330. Let w = -485 + j. Is w composite?
True
Suppose -2*o = 0, -3*l = -6*l - o - o + 754041. Is l a prime number?
True
Let a(x) = -22*x**3 + 12*x**2 - 113*x - 8. Let y be a(7). Let k = -3486 - y. Is k a prime number?
True
Let d(t) = 3*t + 24. Let n(c) = -20*c + 4. Let z be n(2). Let s = z - -29. Is d(s) a composite number?
False
Let o = 2 - 11. Let f be o/6*1*-72. Suppose 91 = r - f. Is r a prime number?
True
Suppose -i + 2143 = -25639. Suppose -5*z + 3*b - 13087 + 82580 = 0, -2*z + 5*b + i = 0. Is z a prime number?
True
Let w(u) = -u**3 - 4*u**2 + 6*u. Let m be w(-5). Is (-21453)/(m + 4/2) a composite number?
False
Suppose -2 = 4*g - 6. Let w(b) = -30*b + 36. Let d be w(1). Is (556 - 2)*3/d*g prime?
True
Let j(z) be the third derivative of -z**6/120 - 7*z**5/60 - z**4/12 - 17*z**3/6 - 38*z**2. Let u be j(-7). Is ((-2378)/6)/(-3*u/(-27)) a prime number?
False
Let v(c) = -c**3 - 2*c**2 - 5*c - 10. Let f be v(-2). Suppose 14*i - 1995 - 2849 = f. Is i composite?
True
Suppose -18*k + 17*k + 5*c = -28, 5*k + 3*c = 0. Suppose -3*w - 5*v - 20593 = -7*w, 15436 = k*w + 5*v. Is w a composite number?
False
Let m be (-2)/(3 - -1) + (-4637178)/(-364). Suppose -2*v = 4*h - 3*v - 5